m) = 3*m**3 + 1019*m**2 + 50*m + 132607. Calculate p(-340).
7
Let u(n) = 4917*n + 717824. Give u(-146).
-58
Let p(y) = -y**2 - 5012*y - 375318. Calculate p(-76).
-182
Let y(r) = 4*r**3 - 134*r**2 - 78*r + 261. What is y(34)?
-79
Let n(h) = -5*h**3 + 1296*h**2 + 1042*h - 514. Give n(260).
6
Let b(z) = 4*z**2 + 553*z - 2574. Determine b(-143).
143
Let w(f) = 9*f**2 - 658*f + 135. Calculate w(72).
-585
Let h(y) = -6441*y - 6458. What is h(-1)?
-17
Let s(b) = 8*b**3 + 21*b**2 - 85*b - 297. Give s(-3).
-69
Let m(t) = -4292*t + 227471. Give m(53).
-5
Let y(w) = 2*w**2 - 217*w + 2613. Calculate y(12).
297
Let a(i) = -i**3 - 87*i**2 + 428*i + 14224. Calculate a(-90).
4
Let d(o) = -2276793*o + 13660751. Give d(6).
-7
Let m(z) = 132*z**2 - 6338*z + 110. What is m(48)?
14
Let i(p) = 116*p**3 - 3*p**2 + 994*p - 1988. Give i(2).
916
Let x(g) = -6*g**2 - 1998*g - 5920. Calculate x(-3).
20
Let i(m) = -14054*m**2 - 126484*m - 9. Determine i(-9).
-27
Let i(l) = 29*l**2 + 816*l - 5754. Give i(-34).
26
Let g(v) = -59300*v + 533768. Give g(9).
68
Let i(g) = -3*g**2 - 1532*g - 176684. Calculate i(-176).
20
Let x(v) = 286118*v + 29184029. Give x(-102).
-7
Let o(w) = -12157*w - 9190683. Give o(-756).
9
Let l(h) = -548*h - 61411. Give l(-112).
-35
Let b(j) = 46*j**2 - 629*j - 628. What is b(-1)?
47
Let a(n) = 9*n**2 + 268*n - 3190. What is a(11)?
847
Let r(x) = -71*x**2 + 542*x + 6418. Calculate r(14).
90
Let r(t) = t**2 - 165*t + 6737. Determine r(77).
-39
Let i(z) = -5*z**2 - 1332*z - 31277. Calculate i(-26).
-25
Let d(u) = 13*u**2 + 74*u + 314. Determine d(-14).
1826
Let l(i) = 6*i**2 + 5294*i - 5295. Determine l(1).
5
Let w(z) = 3111*z - 15468. Determine w(6).
3198
Let n(b) = -5*b**3 + 941*b**2 + 3651*b - 568. Give n(192).
8
Let l(p) = -426*p + 3175. What is l(8)?
-233
Let s(r) = -1474*r - 45905. Give s(-31).
-211
Let k(m) = 3*m**3 - 1770*m**2 - 87*m + 51050. Determine k(590).
-280
Let j(a) = -a**3 + 167*a**2 + 474*a + 5900. Give j(170).
-220
Let s(g) = 18*g**2 - 1133*g - 3409. Give s(-3).
152
Let o(m) = -3292*m - 102042. What is o(-31)?
10
Let w(h) = 4584*h - 165029. Give w(36).
-5
Let d(o) = 479*o - 524. Determine d(-1).
-1003
Let k(v) = 516*v**2 - 37681*v + 898. Determine k(73).
-51
Let v(t) = -590*t - 371057. Calculate v(-629).
53
Let p(k) = -k**3 + 52*k**2 + 95*k + 524. What is p(54)?
-178
Let o(k) = 9447*k + 1. Calculate o(0).
1
Let y(i) = i**2 - 1131*i + 41854. Calculate y(38).
320
Let y(n) = -48769*n - 390125. Determine y(-8).
27
Let g(l) = 3*l**3 + 55*l**2 - 46*l - 638. Calculate g(-18).
514
Let a(d) = 359*d + 8795. What is a(-24)?
179
Let y(k) = -576*k + 11019. Calculate y(19).
75
Let d(t) = 8646*t + 129669. Determine d(-15).
-21
Let x(r) = -2*r**2 - 1437*r - 36005. Determine x(-26).
5
Let g(v) = 1969*v + 49132. Determine g(-25).
-93
Let r(u) = u**2 - 828*u + 12973. Calculate r(16).
-19
Let p(s) = -491*s + 167541. Give p(345).
-1854
Let z(t) = -t**3 - 8316*t**2 - 331051*t - 435. Determine z(-40).
5
Let w(h) = 1322610*h - 23806985. Calculate w(18).
-5
Let q(x) = 20*x**2 + 6*x - 595. What is q(0)?
-595
Let a(q) = -250*q - 560. Give a(-4).
440
Let a(u) = -210072*u + 2520833. Give a(12).
-31
Let q(w) = -9*w**2 + 133854*w - 401480. Determine q(3).
1
Let l(k) = k**3 - 148*k**2 - 964*k + 6436. Determine l(154).
276
Let k(s) = 20565*s - 3742707. Calculate k(182).
123
Let a(w) = 867*w - 43611. What is a(50)?
-261
Let x(i) = 5293*i + 529268. Calculate x(-100).
-32
Let f(p) = 14*p**3 + 3016*p**2 + 7245*p + 630. Give f(-213).
-9
Let b(o) = 3*o**3 + 175*o**2 - 125*o - 426. Give b(-59).
-13
Let r(w) = -46*w**3 - 20*w**2 + 364*w + 811. What is r(-2)?
371
Let t(k) = 4*k**2 + 426*k + 2805. Give t(-91).
-2837
Let q(i) = 28113*i + 140484. Determine q(-5).
-81
Let h(b) = -587*b + 39332. What is h(67)?
3
Let x(v) = -316*v**2 + 6635*v - 11. Determine x(21).
-32
Let k(j) = 6*j**2 - 971*j + 8593. What is k(9)?
340
Let g(b) = -b**3 + 26*b**2 - 77*b - 403. Give g(21).
185
Let p(q) = 37*q**2 - 497*q - 197. Calculate p(14).
97
Let z(r) = 26*r**2 + 7*r + 3. Calculate z(1).
36
Let i(u) = -31*u - 1724. Give i(-73).
539
Let j(q) = q**2 + 262*q - 206816. Determine j(341).
-1193
Let j(x) = x**2 + 1560*x - 981692. Determine j(481).
29
Let s(f) = f**3 + 200*f**2 - 2022*f + 1351. Determine s(9).
82
Let s(x) = -4383*x - 39210. Determine s(-9).
237
Let n(c) = 2197*c - 4620. Determine n(2).
-226
Let o(i) = 3*i**3 + 145*i**2 - 2158*i - 17. Calculate o(12).
151
Let a(g) = 3795*g - 948737. Give a(250).
13
Let i(u) = -u**3 - 40*u**2 + 173*u + 10539. Determine i(-37).
31
Let m(d) = -5*d**2 + 210*d - 1610. Give m(10).
-10
Let a(g) = -91102*g + 3461883. What is a(38)?
7
Let d(u) = 17*u**2 + 772*u - 5792. Determine d(-52).
32
Let o(w) = -w**3 - 56*w**2 - 6689. Calculate o(-58).
39
Let v(k) = -k**3 - 457*k**2 - 28027*k + 1919. Give v(-384).
-1
Let j(v) = -v**3 - 35*v**2 - 1569*v - 54844. Give j(-35).
71
Let k(y) = y**2 + 2901*y + 71813. What is k(-25)?
-87
Let z(g) = g**3 - 15*g**2 - 29*g + 990. Calculate z(18).
1440
Let f(d) = -d**2 - 161*d - 6049. Calculate f(-61).
51
Let o(w) = -2*w**3 + 58*w**2 + 2*w - 319. What is o(30)?
-2059
Let k(z) = -21*z**3 + 16*z**2 + 16*z - 148. What is k(4)?
-1172
Let m(d) = 2*d**3 - 73*d**2 - 80*d + 1772. Calculate m(37).
181
Let d(g) = -32*g**2 - 3*g - 491. Give d(0).
-491
Let f(x) = -x**2 - 493*x - 8131. What is f(-17)?
-39
Let i(q) = 34*q**3 + 124*q**2 - 601*q + 8. Give i(5).
4353
Let y(s) = 7*s**3 - 1197*s**2 - 2424*s + 382. Determine y(173).
36
Let q(i) = -229*i + 7110. Calculate q(31).
11
Let y(h) = h**3 + 227*h**2 + 11996*h + 3634. Give y(-83).
-18
Let d(t) = -78407*t + 74094607. Calculate d(945).
-8
Let j(g) = 9900*g + 356407. Determine j(-36).
7
Let h(c) = -6982*c - 21051. Give h(-3).
-105
Let k(g) = 104*g**2 + 1893*g - 3794. Give k(2).
408
Let f(j) = -j**2 + 23*j + 9332. Calculate f(108).
152
Let g(m) = 20*m**2 - 774*m + 49. Give g(38).
-483
Let d(j) = -39*j**2 + 157*j - 183. What is d(3)?
-63
Let q(o) = -158*o**2 + 3341*o + 15231. Determine q(25).
6
Let b(x) = -13*x**2 + 2256*x + 7953. What is b(177)?
-12
Let q(n) = 906*n + 27343. Calculate q(-30).
163
Let d(g) = 16*g - 380. What is d(39)?
244
Let w(n) = -27*n**2 - 1837*n - 5338. Determine w(-3).
-70
Let f(d) = -31923*d - 861923. Calculate f(-27).
-2
Let s(j) = -j**3 + 37*j**2 + 128*j + 96. Give s(-2).
-4
Let b(t) = 121079*t - 121058. Calculate b(1).
21
Let r(q) = 245*q - 436. Calculate r(0).
-436
Let d(w) = w**2 - 50*w - 114. Determine d(27).
-735
Let z(u) = 14*u**2 - 1354*u - 5631. Determine z(-4).
9
Let b(k) = 4*k**3 - 499*k**2 - 7923*k - 38. Give b(139).
-38
Let y(a) = -12*a**3 - 328*a**2 - 2186*a - 1322. Calculate y(-17).
4
Let d(g) = -2093*g + 4684. What is d(2)?
498
Let o(f) = 37*f**2 + 1089*f - 4943. Calculate o(4).
5
Let p(w) = 10*w**3 - 105*w**2 - 92*w + 879. Give p(11).
472
Let g(u) = 509*u**2 + 1247*u + 460. Calculate g(-2).
2
Let n(v) = -v**3 - 202*v**2 + 4*v + 541. Calculate n(-202).
-267
Let g(x) = -2820*x - 125905. Determine g(-45).
995
Let t(v) = 2*v**3 - 451*v**2 + 581*v - 80122. Determine t(225).
-22
Let c(p) = -3*p**3 - 247*p**2 + 395*p - 2111. Determine c(-84).
-11
Let h(t) = 2*t**2 + 2029*t + 118104. Determine h(-62).
-6
Let c(o) = 103663*o + 2695283. Determine c(-26).
45
Let l(z) = -168*z**2 - 1842*z + 61. Calculate l(-11).
-5
Let o(c) = -11*c**2 - 38*c + 328. What is o(-8)?
-72
Let c(p) = -2*p**3 - 494*p**2 - 438*p + 13298. Determine c(-246).
14
Let u(m) = 15*m**3 + 10*m**2 + 93*m + 205. Calculate u(-2).
-61
Let k(n) = -29*n**2 + 11746*n - 428. What is k(405)?
-23
Let b(u) = -112212*u**2 + 2132026*u + 38. Determine b(19).
0
Let p(n) = 3*n**3 + 32*n**2 + 8*n - 16. Calculate p(-8).
432
Let p(j) = -31743*j**2 - 730098*j - 13. Give p(-23).
194
Let q(f) = -f**3 + 62*f**2 - 486*f - 1765. What is q(52)?
3
Let h(d) = -2*d**3 - 717*d**2 - 4965*d - 320. Determine h(-7).
-12
Let n(o) = 2*o**2 + 122*o - 11412. Calculate n(51).
12
Let b(c) = -58046*c + 9229312. Determine b(159).
-2
Let m(n) = 1948*n - 2085. Calculate m(1).
-137
Let t(l) = 29*l**2 + 429*l - 3221. Give t(7).
1203
Let d(p) = 2*p**3 + 2*p**2 - 65*p + 109. Determine d(6).
223
Let x(g) = -28*g**2 - 590*g - 48. Determine x(-23).
-1290
Let x(o) = 239*o**3 + 31*o**2 + 63*o + 5. What is x(-2)?
-1909
Let f(w) = 2*w**2 + 1076*w + 77298. G